)?
5, 7
Let j = 15 - 12. Suppose 0 = -q + o + 23, -7*q + j*o = -2*q - 123. What are the prime factors of q?
3
Let t = -137 + 202. List the prime factors of t.
5, 13
Let i(u) = 27*u**2. Let n = 17 + -16. List the prime factors of i(n).
3
Suppose 0*l = 5*v + 3*l + 612, -4*l + 4 = 0. Let i = -86 - v. List the prime factors of i.
37
Suppose 0 = 4*i + 4*k + 48, -i + 3*k + 16 = -2*i. Let d = 15 + i. List the prime factors of d.
5
Suppose 0 = -0*m - 5*m + 60. Let n = 4 + m. What are the prime factors of n?
2
Let z = 1 + 11. Suppose -3*d = -7*d + z. Suppose -d*x - 15 = -8*x. List the prime factors of x.
3
List the prime factors of (2 - 7/4)/(6/4008).
167
Suppose -5*o - 64 = 4*x - 14, -2*o - 20 = 4*x. Let h = -7 - -1. Let i = h - o. List the prime factors of i.
2
Let f = -5 + 12. Let p(n) = -n**3 + 5*n**2 - 3*n + 2. Let u be p(3). Let x = u - f. List the prime factors of x.
2
Let f be (3 + -2)*-1 - -1. Let v(z) = -2*z + 30. List the prime factors of v(f).
2, 3, 5
Suppose 5*o - 4*o - 40 = -5*p, 5*o = -p - 16. What are the prime factors of 5/(15/(-6)) + p?
7
Suppose -5*a + 13 + 17 = 0. Let h be 4*(1 + 2)/a. Suppose -4*m + 31 = 5*z, 0 = 2*z - 3*m + h*m - 2. List the prime factors of z.
3
Suppose 0 = -u - 4*u - 85. Suppose -156 = -5*r + p, 2*r = 5*r + 4*p - 112. Let w = r + u. List the prime factors of w.
3, 5
Let w(r) = -3*r**3 - 6*r**2 - 3*r - 1. List the prime factors of w(-4).
107
Let t be ((-20)/(-6))/((-16)/(-24)). Suppose -u - 4*u = -4*o - 66, t*u = 3*o + 62. What are the prime factors of u?
2, 5
Suppose -t - 3 = -2*t. Suppose 2*p = i - 18, -t*i - 19 = 4*p - 63. List the prime factors of i.
2
Let q = 6 + 2. Let i(r) = -r**3 + 8*r**2 + r - 5. Let t be i(q). Suppose -u + 84 = t*u. List the prime factors of u.
3, 7
Let q = 1 - 0. Let i(s) = 2 + 0 - 6*s + 7*s + q + s**2. What are the prime factors of i(0)?
3
Suppose 0 = -4*c + 6*c - 64. Suppose -c = -2*l - 2*d, 67 = 4*l + 4*d + d. List the prime factors of l.
13
What are the prime factors of (-20)/(-2*(-5)/(-35))?
2, 5, 7
Let n(m) = 9*m - 1. Let z = 4 + -5. Let r(p) = p**2 - p - 1. Let c be r(z). List the prime factors of n(c).
2
Suppose 5*b - 27 = -f, 5*f = 2*b - 0*f. Let x = -3 + 14. Suppose b*y + 1 = x. What are the prime factors of y?
2
Let c = -16 + 39. Let v = 1 + 13. Let w = c - v. What are the prime factors of w?
3
Suppose -2*r + y + 568 = 3*y, -4*r = 2*y - 1126. List the prime factors of r.
3, 31
Let v = -126 - -252. List the prime factors of v.
2, 3, 7
Let o = -1 - -8. What are the prime factors of o?
7
Let w(b) = -b - 7. Let s be w(-14). Let i = 49 - s. What are the prime factors of i?
2, 3, 7
What are the prime factors of (-2)/3 - (-195)/9?
3, 7
Suppose -2*j + 70 = -26. List the prime factors of j.
2, 3
Let u(q) = 8*q - 13. Let i be u(6). Suppose -i = -l - 2. List the prime factors of l.
3, 11
Suppose 2*s - 7 - 3 = 0. Let u be (38 - 3)*2/s. Let d = u + -5. What are the prime factors of d?
3
Suppose -7*k = -10*k + 93. What are the prime factors of k?
31
Suppose -4*h - 2*s + 5*s = 12, -4*h = 3*s - 12. Let i = h + 16. List the prime factors of i.
2
Suppose -10 = -5*k, 4*k - 30 = -2*u - 8. List the prime factors of u.
7
What are the prime factors of 17 + (-2 - (-2 + 1))?
2
Suppose -2*s + 421 = 5*l, -5*s - 2*l = -7*l - 1035. What are the prime factors of s?
2, 13
Suppose 0 = -0*a + a - 4. Suppose 0 = o - a*o - 18. What are the prime factors of 1 - 0 - 12/o?
3
Suppose 0 = 3*w - 7*w + 8. Let q = -2 + w. Suppose l + 3 - 7 = q. What are the prime factors of l?
2
Let m = -19 - -49. What are the prime factors of m?
2, 3, 5
Suppose 3*j - 482 = -5*l, -5*l - 164 = -j + 30. List the prime factors of j.
13
Let x(p) = -p**2 - 16*p - 12. What are the prime factors of x(-13)?
3
Let r be (-24)/(-10)*400/24. What are the prime factors of (-7)/(105/(-12))*r?
2
Let m(l) = l**3 + 5*l**2 - 8*l - 1. Let b be m(-6). Let f = -7 + b. Suppose 3*h - 41 = -5*v + 7*h, -4*v - f*h = -40. What are the prime factors of v?
3
Let q(b) = -b**3 - 6*b**2 - 5*b + 2. Let j be q(-5). Let u = 6 - j. Suppose 5*n + u*x = 23, -n + 4 + 18 = -5*x. What are the prime factors of n?
7
Let v(u) = -2*u + 4. Let p be v(-3). Let k be 10/(-25) + (-76)/p. Let b(x) = -x**3 - 9*x**2 - 10*x - 4. List the prime factors of b(k).
2, 3
Let v = 2 - 2. Let t = v - -2. Suppose -t*j - 3*j = -10. List the prime factors of j.
2
Let s(j) = j**2 - 8*j + 8. Let b be s(6). Let p(i) = -3*i**2 - 5*i + 1. Let f(v) = v**2 + v. Let k(t) = -2*f(t) - p(t). What are the prime factors of k(b)?
3
Suppose -5*a - 13 = -38. Suppose -4*b - 26 = -2*c, c = 3*c + a*b + 10. List the prime factors of c.
5
Let r be -2 + 2 + (-10)/(-2). Suppose -r*d + 13 = -42. What are the prime factors of d?
11
Suppose s + 150 = 4*s. List the prime factors of s.
2, 5
Suppose y = -5*f - 11, 11 - 1 = 4*y + 2*f. Let i(n) = y*n**2 + n**2 - 4*n - 1 + 5*n + n. What are the prime factors of i(-2)?
3, 5
Let t(w) = -11*w - 1. Let q be t(-1). Let z = q + 5. What are the prime factors of z?
3, 5
Suppose 3*c = 6*c - 105. What are the prime factors of c?
5, 7
Let o(k) = k**3 - 5*k**2 + 5*k - 2. What are the prime factors of o(5)?
23
Suppose -v = -8*v + 56. What are the prime factors of v?
2
Suppose 2 = 5*t + 12. Let y be -1*((-9)/(-3) + t). What are the prime factors of 2/(6/9) + y?
2
Let q = 0 + -3. Let w be q/(3/4) + -2. Let d = 1 - w. List the prime factors of d.
7
Suppose 5*r - 8*r = -126. List the prime factors of r.
2, 3, 7
List the prime factors of 6/(((-12)/(-86))/3*1).
3, 43
Suppose -4*l = 4*z + 1 - 13, -3*z + 3 = 2*l. What are the prime factors of l?
2, 3
Let d(b) = 7*b + 6. What are the prime factors of d(5)?
41
Let g = -8 - -13. Suppose 2*p - 14 = p + g*u, -2*u = 0. What are the prime factors of p?
2, 7
Suppose -2*t + 11 = g + 1, 3*t = 4*g - 7. List the prime factors of 1 + (2 - (g + -16)).
3, 5
Let b be (-4)/(-14) + (-96)/(-7). Let z = -7 + b. What are the prime factors of z?
7
Let k(c) = c - 3. Let z be (-3)/((3/(-2))/(-3)). Let n be k(z). Let q = -2 - n. List the prime factors of q.
7
Suppose 0*n - 2*n - 4*v - 44 = 0, 72 = -4*n - 4*v. Suppose 4*k - 140 = -5*j - k, -3*j + 94 = 5*k. Let f = j + n. List the prime factors of f.
3
Suppose -3*f - 5 = 1, 35 = 3*c + 2*f. Let r(y) = -8 - c*y + 0 + 9. What are the prime factors of r(-1)?
2, 7
Let l(v) = v**3 - 15*v**2 - 6*v - 9. List the prime factors of l(16).
151
Suppose -12 = -2*i - i. Let w be 2/i*24/4. Suppose w = g + 1. What are the prime factors of g?
2
Suppose -5*b = -2*x - 145, 6*x - x = -4*b + 149. List the prime factors of b.
31
Suppose 3*q + 4*s - 181 + 42 = 0, 3*s - 3 = 0. Suppose 3*j - 3*r - q = 0, r + 72 = 5*j - r. List the prime factors of j.
2, 7
Let v be 4/(-16) + (-17)/(-4). Let j = 7 - v. What are the prime factors of j?
3
Let j = -29 - -39. What are the prime factors of j?
2, 5
Suppose -j + 2*l - 24 = -2*j, -5*l - 57 = -4*j. What are the prime factors of j - (-2 - (1 + -4))?
17
Let m be 3/(-1 + 2) + 2. Suppose 0*k + k = 2*c - 109, 3*k + 274 = m*c. What are the prime factors of c?
53
Let z be 6/(-3*(-3)/42). Suppose -5*f + 2*q = -z, f - 5 - 3 = q. List the prime factors of f.
2
Let n be ((-1)/(-2))/((-2)/(-20)). Let i = 11 - 7. Suppose -3*t + 3*q = -15, i*t + n*q = -7 + 27. What are the prime factors of t?
5
Let m = -23 + 9. Let f = 16 + m. What are the prime factors of f?
2
Let h(z) = -z**2 + 7*z + 6. Let s = 17 - 11. List the prime factors of h(s).
2, 3
Suppose 3*b - 1 = -7. List the prime factors of ((-25)/b)/(1/2).
5
Let s(q) = -q**3 + 4*q**2 + 4*q - 6. Let d be s(4). Suppose -5*n + 3*n = 16. Let u = d + n. What are the prime factors of u?
2
Let l = 7 - 8. List the prime factors of -1*1/(l/2).
2
Let q(o) = -2*o - 8. Let m be q(-6). Suppose -3*g + 7*g - 47 = b, 3*g - 40 = -m*b. List the prime factors of g.
2, 3
Suppose -5*b - 2*a = -19, 1 = 3*b - 2*b - a. Suppose 4*k + 6*f - 115 = b*f, 130 = 4*k - 2*f. What are the prime factors of k?
31
Let w(k) = 5*k**2 - 2*k - 1. Let o be w(-1). Let j = o - -3. List the prime factors of j.
3
Let o(g) = 3*g + 3. Let h be o(-4). Let j = 1 - h. List the prime factors of j.
2, 5
Suppose 4*m + 47 = 5*y, y + 5*m + 5 = -3. Suppose y*g - 18 = 4*g. List the prime factors of g.
2, 3
Let n(v) = -7*v - v**2 + 0 + 1 - v**2 + 5*v**2. What are the prime factors of n(5)?
41
Suppose 3*r - 160 = r. Let v = -51 + r